{"id":1198,"date":"2024-09-17T08:54:17","date_gmt":"2024-09-17T08:54:17","guid":{"rendered":"https:\/\/grundschule-wiek.de\/?page_id=1198"},"modified":"2024-09-18T08:50:40","modified_gmt":"2024-09-18T08:50:40","slug":"elementor-1198","status":"publish","type":"page","link":"https:\/\/grundschule-wiek.de\/?page_id=1198","title":{"rendered":"Schulsozialarbeit"},"content":{"rendered":"\t\t<div data-elementor-type=\"wp-page\" data-elementor-id=\"1198\" class=\"elementor elementor-1198\">\n\t\t\t\t\t\t\t\t\t<section class=\"elementor-section elementor-top-section elementor-element elementor-element-ec852ae elementor-section-boxed elementor-section-height-default elementor-section-height-default\" data-id=\"ec852ae\" data-element_type=\"section\">\n\t\t\t\t\t\t<div class=\"elementor-container elementor-column-gap-default\">\n\t\t\t\t\t<div class=\"elementor-column elementor-col-100 elementor-top-column elementor-element elementor-element-5fff28a\" data-id=\"5fff28a\" data-element_type=\"column\">\n\t\t\t<div class=\"elementor-widget-wrap elementor-element-populated\">\n\t\t\t\t\t\t\t\t<div class=\"elementor-element elementor-element-41043cb elementor-widget elementor-widget-spacer\" data-id=\"41043cb\" data-element_type=\"widget\" data-widget_type=\"spacer.default\">\n\t\t\t\t<div class=\"elementor-widget-container\">\n\t\t\t<style>\/*! elementor - v3.15.0 - 20-08-2023 *\/\n.elementor-column .elementor-spacer-inner{height:var(--spacer-size)}.e-con{--container-widget-width:100%}.e-con-inner>.elementor-widget-spacer,.e-con>.elementor-widget-spacer{width:var(--container-widget-width,var(--spacer-size));--align-self:var(--container-widget-align-self,initial);--flex-shrink:0}.e-con-inner>.elementor-widget-spacer>.elementor-widget-container,.e-con-inner>.elementor-widget-spacer>.elementor-widget-container>.elementor-spacer,.e-con>.elementor-widget-spacer>.elementor-widget-container,.e-con>.elementor-widget-spacer>.elementor-widget-container>.elementor-spacer{height:100%}.e-con-inner>.elementor-widget-spacer>.elementor-widget-container>.elementor-spacer>.elementor-spacer-inner,.e-con>.elementor-widget-spacer>.elementor-widget-container>.elementor-spacer>.elementor-spacer-inner{height:var(--container-widget-height,var(--spacer-size))}<\/style>\t\t<div class=\"elementor-spacer\">\n\t\t\t<div class=\"elementor-spacer-inner\"><\/div>\n\t\t<\/div>\n\t\t\t\t<\/div>\n\t\t\t\t<\/div>\n\t\t\t\t<div class=\"elementor-element elementor-element-2684d04 elementor-widget elementor-widget-text-editor\" data-id=\"2684d04\" data-element_type=\"widget\" data-widget_type=\"text-editor.default\">\n\t\t\t\t<div class=\"elementor-widget-container\">\n\t\t\t<style>\/*! elementor - v3.15.0 - 20-08-2023 *\/\n.elementor-widget-text-editor.elementor-drop-cap-view-stacked .elementor-drop-cap{background-color:#69727d;color:#fff}.elementor-widget-text-editor.elementor-drop-cap-view-framed .elementor-drop-cap{color:#69727d;border:3px solid;background-color:transparent}.elementor-widget-text-editor:not(.elementor-drop-cap-view-default) .elementor-drop-cap{margin-top:8px}.elementor-widget-text-editor:not(.elementor-drop-cap-view-default) .elementor-drop-cap-letter{width:1em;height:1em}.elementor-widget-text-editor .elementor-drop-cap{float:left;text-align:center;line-height:1;font-size:50px}.elementor-widget-text-editor .elementor-drop-cap-letter{display:inline-block}<\/style>\t\t\t\t<h3><span style=\"color: #003366;\">Eure Sozialp\u00e4dagogin ab diesem Schuljahr<\/span><\/h3>\t\t\t\t\t\t<\/div>\n\t\t\t\t<\/div>\n\t\t\t\t\t<\/div>\n\t\t<\/div>\n\t\t\t\t\t\t\t<\/div>\n\t\t<\/section>\n\t\t\t\t<section class=\"elementor-section elementor-top-section elementor-element elementor-element-df49098 elementor-section-boxed elementor-section-height-default elementor-section-height-default\" data-id=\"df49098\" data-element_type=\"section\">\n\t\t\t\t\t\t<div class=\"elementor-container elementor-column-gap-default\">\n\t\t\t\t\t<div class=\"elementor-column elementor-col-100 elementor-top-column elementor-element elementor-element-68c7ca4\" data-id=\"68c7ca4\" data-element_type=\"column\">\n\t\t\t<div class=\"elementor-widget-wrap elementor-element-populated\">\n\t\t\t\t\t\t\t\t<div class=\"elementor-element elementor-element-a69a40d elementor-widget__width-initial elementor-widget-mobile__width-initial elementor-widget elementor-widget-text-editor\" data-id=\"a69a40d\" data-element_type=\"widget\" data-widget_type=\"text-editor.default\">\n\t\t\t\t<div class=\"elementor-widget-container\">\n\t\t\t\t\t\t\t<p style=\"text-align: left;\"><span style=\"color: #003366;\">Mit Beginn des Schuljahres 2024\/25 startete meine Arbeit als Schulsozialarbeiterin an unserer Grundschule.<\/span><br \/><span style=\"color: #003366;\">Sie wird durch den Tr\u00e4ger <a href=\"https:\/\/lebensraeume-verein.de\/\" target=\"_blank\" rel=\"noopener\">LebensR\u00e4ume e.V.<\/a> mit dem Sitz in 18510 Zarrendorf gew\u00e4hrleistet und \u00fcber den Landkreis Vorpommern-R\u00fcgen und das Amt Nord R\u00fcgen gef\u00f6rdert.<\/span><\/p><p style=\"text-align: left;\"><span style=\"color: #003366;\">Ich bin Ansprechpartner f\u00fcr Sch\u00fcler und deren Eltern.<\/span><br \/><span style=\"color: #003366;\">Mit folgenden Themen k\u00f6nnen Sie sich als Eltern oder auch ihre Kinder an mich wenden:<\/span><\/p><p style=\"text-align: left;\"><strong><span style=\"color: #003366;\">Eltern f\u00fcr:<\/span><\/strong><\/p><p style=\"text-align: left;\"><span style=\"color: #003366;\">\u2022 Beratung in Erziehungsfragen<\/span><br \/><span style=\"color: #003366;\">\u2022 Unterst\u00fctzung bei famili\u00e4ren Herausforderungen<\/span><br \/><span style=\"color: #003366;\">\u2022 auf Wunsch Vermittlung externer Hilfsangebote<\/span><\/p><p style=\"text-align: left;\"><strong><span style=\"color: #003366;\">Sch\u00fclerinnen und Sch\u00fcler f\u00fcr:<\/span><\/strong><\/p><p style=\"text-align: left;\"><span style=\"color: #003366;\">\u2022 Beratung in pers\u00f6nlichen Notlagen, bei sozialen Problemen, famili\u00e4ren und schulischen Konflikten\u00a0 \u00a0 \u00a0 \u00a0(individuelle Termine) <\/span><br \/><span style=\"color: #003366;\">\u2022 Gespr\u00e4chsangebote (Kleingruppen, Einzelgespr\u00e4che) <\/span><br \/><span style=\"color: #003366;\">\u2022 Vermittlung und Unterst\u00fctzung in Konfliktsituationen <\/span><br \/><span style=\"color: #003366;\">\u2022 Begleitung und Unterst\u00fctzung der Klassensprecher<\/span><\/p><p style=\"text-align: left;\"><span style=\"color: #003366;\">Die Beratung ist freiwillig. Gespr\u00e4chsinhalte werden grunds\u00e4tzlich vertraulich behandelt.<\/span><\/p><p style=\"text-align: left;\"><span style=\"color: #003366;\">Birgit Wille<\/span><br \/><span style=\"color: #003366;\">Schulsozialarbeiterin<\/span><\/p><p style=\"text-align: left;\">Schulsozialarbeit an der Grundschule Wiek auf R\u00fcgen<br \/>Hauptstra\u00dfe 35<br \/>18556 Wiek\/R\u00fcgen<br \/>Mobil: 0155 60496023<\/p><p style=\"text-align: left;\">Tel.: 038391 70302 \u2013 Sekretariat<\/p>\t\t\t\t\t\t<\/div>\n\t\t\t\t<\/div>\n\t\t\t\t<div class=\"elementor-element elementor-element-2bbb51b elementor-widget__width-initial elementor-absolute elementor-widget elementor-widget-image\" data-id=\"2bbb51b\" data-element_type=\"widget\" data-settings=\"{&quot;_position&quot;:&quot;absolute&quot;}\" data-widget_type=\"image.default\">\n\t\t\t\t<div class=\"elementor-widget-container\">\n\t\t\t<style>\/*! elementor - v3.15.0 - 20-08-2023 *\/\n.elementor-widget-image{text-align:center}.elementor-widget-image a{display:inline-block}.elementor-widget-image a img[src$=\".svg\"]{width:48px}.elementor-widget-image img{vertical-align:middle;display:inline-block}<\/style>\t\t\t\t\t\t\t\t\t\t\t\t<img loading=\"lazy\" decoding=\"async\" width=\"300\" height=\"265\" src=\"https:\/\/grundschule-wiek.de\/wp-content\/uploads\/2024\/09\/kids-7411201_640-300x265.png\" class=\"attachment-medium size-medium wp-image-1232\" alt=\"\" srcset=\"https:\/\/grundschule-wiek.de\/wp-content\/uploads\/2024\/09\/kids-7411201_640-300x265.png 300w, https:\/\/grundschule-wiek.de\/wp-content\/uploads\/2024\/09\/kids-7411201_640.png 640w\" sizes=\"(max-width: 300px) 100vw, 300px\" \/>\t\t\t\t\t\t\t\t\t\t\t\t\t\t\t<\/div>\n\t\t\t\t<\/div>\n\t\t\t\t\t<\/div>\n\t\t<\/div>\n\t\t\t\t\t\t\t<\/div>\n\t\t<\/section>\n\t\t\t\t<section class=\"elementor-section elementor-top-section elementor-element elementor-element-333874c elementor-section-boxed elementor-section-height-default elementor-section-height-default\" data-id=\"333874c\" data-element_type=\"section\">\n\t\t\t\t\t\t<div class=\"elementor-container elementor-column-gap-default\">\n\t\t\t\t\t<div class=\"elementor-column elementor-col-100 elementor-top-column elementor-element elementor-element-ebfd645\" data-id=\"ebfd645\" data-element_type=\"column\">\n\t\t\t<div class=\"elementor-widget-wrap elementor-element-populated\">\n\t\t\t\t\t\t\t\t<div class=\"elementor-element elementor-element-d0cbc7b elementor-widget elementor-widget-text-editor\" data-id=\"d0cbc7b\" data-element_type=\"widget\" data-widget_type=\"text-editor.default\">\n\t\t\t\t<div class=\"elementor-widget-container\">\n\t\t\t\t\t\t\t<p><u>Tr\u00e4ger:<\/u><\/p><p>\u00a0<\/p>\t\t\t\t\t\t<\/div>\n\t\t\t\t<\/div>\n\t\t\t\t\t<\/div>\n\t\t<\/div>\n\t\t\t\t\t\t\t<\/div>\n\t\t<\/section>\n\t\t\t\t<section class=\"elementor-section elementor-top-section elementor-element elementor-element-258b896 elementor-section-boxed elementor-section-height-default elementor-section-height-default\" data-id=\"258b896\" data-element_type=\"section\">\n\t\t\t\t\t\t<div class=\"elementor-container elementor-column-gap-default\">\n\t\t\t\t\t<div class=\"elementor-column elementor-col-100 elementor-top-column elementor-element elementor-element-d14d673\" data-id=\"d14d673\" data-element_type=\"column\">\n\t\t\t<div class=\"elementor-widget-wrap elementor-element-populated\">\n\t\t\t\t\t\t\t\t<div class=\"elementor-element elementor-element-e26fde5 elementor-widget__width-initial elementor-absolute elementor-widget elementor-widget-image\" data-id=\"e26fde5\" data-element_type=\"widget\" data-settings=\"{&quot;_position&quot;:&quot;absolute&quot;}\" data-widget_type=\"image.default\">\n\t\t\t\t<div class=\"elementor-widget-container\">\n\t\t\t\t\t\t\t\t\t\t\t\t\t\t\t\t<a href=\"http:\/\/www.lebensraeume-verein.de\" target=\"_blank\">\n\t\t\t\t\t\t\t<img loading=\"lazy\" decoding=\"async\" width=\"246\" height=\"60\" src=\"https:\/\/grundschule-wiek.de\/wp-content\/uploads\/2024\/09\/Lebensraeume-LOGO.png\" class=\"attachment-large size-large wp-image-1200\" alt=\"\" \/>\t\t\t\t\t\t\t\t<\/a>\n\t\t\t\t\t\t\t\t\t\t\t\t\t\t\t<\/div>\n\t\t\t\t<\/div>\n\t\t\t\t\t<\/div>\n\t\t<\/div>\n\t\t\t\t\t\t\t<\/div>\n\t\t<\/section>\n\t\t\t\t<section class=\"elementor-section elementor-top-section elementor-element elementor-element-fc470b9 elementor-section-boxed elementor-section-height-default elementor-section-height-default\" data-id=\"fc470b9\" data-element_type=\"section\">\n\t\t\t\t\t\t<div class=\"elementor-container elementor-column-gap-default\">\n\t\t\t\t\t<div class=\"elementor-column elementor-col-100 elementor-top-column elementor-element elementor-element-e8aa538\" data-id=\"e8aa538\" data-element_type=\"column\">\n\t\t\t<div class=\"elementor-widget-wrap elementor-element-populated\">\n\t\t\t\t\t\t\t\t<div class=\"elementor-element elementor-element-6aff25e elementor-widget__width-initial elementor-widget-mobile__width-initial elementor-absolute elementor-widget elementor-widget-text-editor\" data-id=\"6aff25e\" data-element_type=\"widget\" data-settings=\"{&quot;_position&quot;:&quot;absolute&quot;}\" data-widget_type=\"text-editor.default\">\n\t\t\t\t<div class=\"elementor-widget-container\">\n\t\t\t\t\t\t\t<p>Meine Stelle wird gef\u00f6rdert durch den Landkreis Vorpommern-R\u00fcgen und das Amt Nord-R\u00fcgen.<\/p>\t\t\t\t\t\t<\/div>\n\t\t\t\t<\/div>\n\t\t\t\t<div class=\"elementor-element elementor-element-1828820 elementor-widget__width-initial elementor-widget-mobile__width-initial elementor-absolute elementor-widget elementor-widget-image\" data-id=\"1828820\" data-element_type=\"widget\" data-settings=\"{&quot;_position&quot;:&quot;absolute&quot;}\" data-widget_type=\"image.default\">\n\t\t\t\t<div class=\"elementor-widget-container\">\n\t\t\t\t\t\t\t\t\t\t\t\t\t\t\t\t<a href=\"https:\/\/www.lk-vr.de\/\" target=\"_blank\">\n\t\t\t\t\t\t\t<img loading=\"lazy\" decoding=\"async\" width=\"301\" height=\"205\" src=\"https:\/\/grundschule-wiek.de\/wp-content\/uploads\/2024\/09\/LKR-1.png\" class=\"attachment-large size-large wp-image-1202\" alt=\"\" \/>\t\t\t\t\t\t\t\t<\/a>\n\t\t\t\t\t\t\t\t\t\t\t\t\t\t\t<\/div>\n\t\t\t\t<\/div>\n\t\t\t\t\t<\/div>\n\t\t<\/div>\n\t\t\t\t\t\t\t<\/div>\n\t\t<\/section>\n\t\t\t\t\t\t\t<\/div>\n\t\t","protected":false},"excerpt":{"rendered":"<p>Eure Sozialp\u00e4dagogin ab diesem Schuljahr Mit Beginn des Schuljahres 2024\/25 startete meine Arbeit als Schulsozialarbeiterin an unserer Grundschule.Sie wird durch den Tr\u00e4ger LebensR\u00e4ume e.V. mit dem Sitz in 18510 Zarrendorf gew\u00e4hrleistet und \u00fcber den Landkreis Vorpommern-R\u00fcgen und das Amt Nord R\u00fcgen gef\u00f6rdert. Ich bin Ansprechpartner f\u00fcr Sch\u00fcler und deren Eltern.Mit folgenden Themen k\u00f6nnen Sie sich &hellip;<\/p>\n<p class=\"read-more\"> <a class=\"\" href=\"https:\/\/grundschule-wiek.de\/?page_id=1198\"> <span class=\"screen-reader-text\">Schulsozialarbeit<\/span> Weiterlesen &raquo;<\/a><\/p>\n","protected":false},"author":1,"featured_media":0,"parent":26,"menu_order":0,"comment_status":"closed","ping_status":"closed","template":"","meta":{"site-sidebar-layout":"no-sidebar","site-content-layout":"","ast-site-content-layout":"full-width-container","site-content-style":"default","site-sidebar-style":"default","ast-global-header-display":"","ast-banner-title-visibility":"","ast-main-header-display":"","ast-hfb-above-header-display":"","ast-hfb-below-header-display":"","ast-hfb-mobile-header-display":"","site-post-title":"disabled","ast-breadcrumbs-content":"","ast-featured-img":"disabled","footer-sml-layout":"","theme-transparent-header-meta":"","adv-header-id-meta":"","stick-header-meta":"","header-above-stick-meta":"","header-main-stick-meta":"","header-below-stick-meta":"","astra-migrate-meta-layouts":"","footnotes":""},"_links":{"self":[{"href":"https:\/\/grundschule-wiek.de\/index.php?rest_route=\/wp\/v2\/pages\/1198"}],"collection":[{"href":"https:\/\/grundschule-wiek.de\/index.php?rest_route=\/wp\/v2\/pages"}],"about":[{"href":"https:\/\/grundschule-wiek.de\/index.php?rest_route=\/wp\/v2\/types\/page"}],"author":[{"embeddable":true,"href":"https:\/\/grundschule-wiek.de\/index.php?rest_route=\/wp\/v2\/users\/1"}],"replies":[{"embeddable":true,"href":"https:\/\/grundschule-wiek.de\/index.php?rest_route=%2Fwp%2Fv2%2Fcomments&post=1198"}],"version-history":[{"count":26,"href":"https:\/\/grundschule-wiek.de\/index.php?rest_route=\/wp\/v2\/pages\/1198\/revisions"}],"predecessor-version":[{"id":1244,"href":"https:\/\/grundschule-wiek.de\/index.php?rest_route=\/wp\/v2\/pages\/1198\/revisions\/1244"}],"up":[{"embeddable":true,"href":"https:\/\/grundschule-wiek.de\/index.php?rest_route=\/wp\/v2\/pages\/26"}],"wp:attachment":[{"href":"https:\/\/grundschule-wiek.de\/index.php?rest_route=%2Fwp%2Fv2%2Fmedia&parent=1198"}],"curies":[{"name":"wp","href":"https:\/\/api.w.org\/{rel}","templated":true}]}}