{"id":391,"date":"2023-09-06T12:29:51","date_gmt":"2023-09-06T12:29:51","guid":{"rendered":"https:\/\/wp2023.grundschule-wiek.de\/?page_id=391"},"modified":"2024-07-10T10:48:18","modified_gmt":"2024-07-10T10:48:18","slug":"wir-stellen-uns-vor","status":"publish","type":"page","link":"https:\/\/grundschule-wiek.de\/?page_id=391","title":{"rendered":"Wir stellen uns vor"},"content":{"rendered":"\t\t<div data-elementor-type=\"wp-page\" data-elementor-id=\"391\" class=\"elementor elementor-391\">\n\t\t\t\t\t\t\t\t\t<section class=\"elementor-section elementor-top-section elementor-element elementor-element-fc9e2e2 elementor-section-boxed elementor-section-height-default elementor-section-height-default\" data-id=\"fc9e2e2\" data-element_type=\"section\">\n\t\t\t\t\t\t<div class=\"elementor-container elementor-column-gap-default\">\n\t\t\t\t\t<div class=\"elementor-column elementor-col-100 elementor-top-column elementor-element elementor-element-3f41983\" data-id=\"3f41983\" data-element_type=\"column\">\n\t\t\t<div class=\"elementor-widget-wrap elementor-element-populated\">\n\t\t\t\t\t\t\t\t<div class=\"elementor-element elementor-element-1905008 elementor-widget elementor-widget-spacer\" data-id=\"1905008\" data-element_type=\"widget\" data-widget_type=\"spacer.default\">\n\t\t\t\t<div class=\"elementor-widget-container\">\n\t\t\t<style>\/*! elementor - v3.15.0 - 20-08-2023 *\/\n.elementor-column .elementor-spacer-inner{height:var(--spacer-size)}.e-con{--container-widget-width:100%}.e-con-inner>.elementor-widget-spacer,.e-con>.elementor-widget-spacer{width:var(--container-widget-width,var(--spacer-size));--align-self:var(--container-widget-align-self,initial);--flex-shrink:0}.e-con-inner>.elementor-widget-spacer>.elementor-widget-container,.e-con-inner>.elementor-widget-spacer>.elementor-widget-container>.elementor-spacer,.e-con>.elementor-widget-spacer>.elementor-widget-container,.e-con>.elementor-widget-spacer>.elementor-widget-container>.elementor-spacer{height:100%}.e-con-inner>.elementor-widget-spacer>.elementor-widget-container>.elementor-spacer>.elementor-spacer-inner,.e-con>.elementor-widget-spacer>.elementor-widget-container>.elementor-spacer>.elementor-spacer-inner{height:var(--container-widget-height,var(--spacer-size))}<\/style>\t\t<div class=\"elementor-spacer\">\n\t\t\t<div class=\"elementor-spacer-inner\"><\/div>\n\t\t<\/div>\n\t\t\t\t<\/div>\n\t\t\t\t<\/div>\n\t\t\t\t\t<\/div>\n\t\t<\/div>\n\t\t\t\t\t\t\t<\/div>\n\t\t<\/section>\n\t\t\t\t<section class=\"elementor-section elementor-top-section elementor-element elementor-element-3b341d2 elementor-section-boxed elementor-section-height-default elementor-section-height-default\" data-id=\"3b341d2\" data-element_type=\"section\">\n\t\t\t\t\t\t<div class=\"elementor-container elementor-column-gap-default\">\n\t\t\t\t\t<div class=\"elementor-column elementor-col-100 elementor-top-column elementor-element elementor-element-7914ede\" data-id=\"7914ede\" data-element_type=\"column\">\n\t\t\t<div class=\"elementor-widget-wrap elementor-element-populated\">\n\t\t\t\t\t\t\t\t<div class=\"elementor-element elementor-element-6568891 elementor-widget elementor-widget-heading\" data-id=\"6568891\" data-element_type=\"widget\" data-widget_type=\"heading.default\">\n\t\t\t\t<div class=\"elementor-widget-container\">\n\t\t\t<style>\/*! elementor - v3.15.0 - 20-08-2023 *\/\n.elementor-heading-title{padding:0;margin:0;line-height:1}.elementor-widget-heading .elementor-heading-title[class*=elementor-size-]>a{color:inherit;font-size:inherit;line-height:inherit}.elementor-widget-heading .elementor-heading-title.elementor-size-small{font-size:15px}.elementor-widget-heading .elementor-heading-title.elementor-size-medium{font-size:19px}.elementor-widget-heading .elementor-heading-title.elementor-size-large{font-size:29px}.elementor-widget-heading .elementor-heading-title.elementor-size-xl{font-size:39px}.elementor-widget-heading .elementor-heading-title.elementor-size-xxl{font-size:59px}<\/style><h2 class=\"elementor-heading-title elementor-size-default\">Wir stellen uns vor ...<\/h2>\t\t<\/div>\n\t\t\t\t<\/div>\n\t\t\t\t\t<\/div>\n\t\t<\/div>\n\t\t\t\t\t\t\t<\/div>\n\t\t<\/section>\n\t\t\t\t<section class=\"elementor-section elementor-top-section elementor-element elementor-element-d23a52d elementor-section-boxed elementor-section-height-default elementor-section-height-default\" data-id=\"d23a52d\" data-element_type=\"section\">\n\t\t\t\t\t\t<div class=\"elementor-container elementor-column-gap-default\">\n\t\t\t\t\t<div class=\"elementor-column elementor-col-100 elementor-top-column elementor-element elementor-element-6a0b3ec\" data-id=\"6a0b3ec\" data-element_type=\"column\">\n\t\t\t<div class=\"elementor-widget-wrap elementor-element-populated\">\n\t\t\t\t\t\t\t\t<div class=\"elementor-element elementor-element-a14c406 elementor-widget elementor-widget-text-editor\" data-id=\"a14c406\" data-element_type=\"widget\" data-widget_type=\"text-editor.default\">\n\t\t\t\t<div class=\"elementor-widget-container\">\n\t\t\t<style>\/*! elementor - v3.15.0 - 20-08-2023 *\/\n.elementor-widget-text-editor.elementor-drop-cap-view-stacked .elementor-drop-cap{background-color:#69727d;color:#fff}.elementor-widget-text-editor.elementor-drop-cap-view-framed .elementor-drop-cap{color:#69727d;border:3px solid;background-color:transparent}.elementor-widget-text-editor:not(.elementor-drop-cap-view-default) .elementor-drop-cap{margin-top:8px}.elementor-widget-text-editor:not(.elementor-drop-cap-view-default) .elementor-drop-cap-letter{width:1em;height:1em}.elementor-widget-text-editor .elementor-drop-cap{float:left;text-align:center;line-height:1;font-size:50px}.elementor-widget-text-editor .elementor-drop-cap-letter{display:inline-block}<\/style>\t\t\t\t<p>&#8230; und freuen uns, wenn Sie sich f\u00fcr eine Mitgliedschaft bei uns entscheiden.<\/p><p><span style=\"text-decoration: underline;\">Vereinszweck<\/span> (Auszug aus der Satzung):<\/p><ul><li>&#8222;F\u00f6rderung von Bildung und Erziehung, Kunst und Kultur, der Kinder- und Jugendarbeit und der Zusammenarbeit von Elternschaft und Schule.&#8220;<\/li><li>finanzielle Unterst\u00fctzung bei Projekten<\/li><li>Erwerben von Sachspenden und Geld \u00fcber die zur Verf\u00fcgung gestellten Mittel hinaus<\/li><li>F\u00f6rderung des Ganztagsangebotes unter Einbeziehung \u00f6rtlicher Personen\/ Vereine<\/li><li>Unterst\u00fctzung der Schule und Gemeinden bei entsprechenden \u00f6ffentlichen Stellen, um auf die dringende Sanierung der Schule und Erneuerung der Turnhalle aufmerksam zu machen<\/li><\/ul><p><span style=\"text-decoration: underline;\">Vorstandsvorsitzender:<\/span> Reno Stach, Wiek<\/p><p><span style=\"text-decoration: underline;\">stellv. Vorstandsvorsitzende:<\/span> Nadine Bartsch, Wiek<\/p><p><span style=\"text-decoration: underline;\">Kassenwart:<\/span> Christin Kieck, Wiek<\/p><p>Bisherige Erfolge:<\/p><p>31.08.2019 &#8211; Stra\u00dfenfest in Wiek &#8222;Vorhang auf- wir gehen auf die Stra\u00dfe&#8220;<\/p><p>Mit Hilfe der Gemeinden Wiek, Breege und Putgarten, Wittower Gewerbetreibenden und Wittower Vereinen, sowie Privatpersonen wurde ein Fest organisiert, um auf die bauliche Substanz der Schule und der Turnhalle hinzuweisen. Der Landrat Dr. Kerth folgte unser Einladung und machte sich selbst ein Bild von den \u00d6rtlichkeiten.<\/p><p>Fazit: Wie er selbst sagte, kam er leider nicht mit einem Koffer voller Geld und so ist auf eine schnelle Hilfe derzeit nicht zu hoffen. Ca. 5000 \u20ac kamen durch das Stra\u00dfenfest in die Spendenkasse.<\/p><p>1. Ma\u00dfnahme: Am 06.12.2019 \u00fcbergab der Schulverein 2 Fu\u00dfballtore und einen Basketballkorb an die Kinder Schule.<\/p><p>2. Ma\u00dfnahme: Am 07.01.2021 finanzierte der Schulverein die Schullizenz f\u00fcr die Anton-App um das schulische und h\u00e4usliche Lernen zu erleichtern.<\/p><p>\u00a0<\/p>\t\t\t\t\t\t<\/div>\n\t\t\t\t<\/div>\n\t\t\t\t\t<\/div>\n\t\t<\/div>\n\t\t\t\t\t\t\t<\/div>\n\t\t<\/section>\n\t\t\t\t\t\t\t<\/div>\n\t\t","protected":false},"excerpt":{"rendered":"<p>Wir stellen uns vor &#8230; &#8230; und freuen uns, wenn Sie sich f\u00fcr eine Mitgliedschaft bei uns entscheiden. Vereinszweck (Auszug aus der Satzung): &#8222;F\u00f6rderung von Bildung und Erziehung, Kunst und Kultur, der Kinder- und Jugendarbeit und der Zusammenarbeit von Elternschaft und Schule.&#8220; finanzielle Unterst\u00fctzung bei Projekten Erwerben von Sachspenden und Geld \u00fcber die zur Verf\u00fcgung &hellip;<\/p>\n<p class=\"read-more\"> <a class=\"\" href=\"https:\/\/grundschule-wiek.de\/?page_id=391\"> <span class=\"screen-reader-text\">Wir stellen uns vor<\/span> Weiterlesen &raquo;<\/a><\/p>\n","protected":false},"author":1,"featured_media":0,"parent":0,"menu_order":0,"comment_status":"closed","ping_status":"closed","template":"","meta":{"site-sidebar-layout":"no-sidebar","site-content-layout":"","ast-site-content-layout":"full-width-container","site-content-style":"default","site-sidebar-style":"default","ast-global-header-display":"","ast-banner-title-visibility":"","ast-main-header-display":"","ast-hfb-above-header-display":"","ast-hfb-below-header-display":"","ast-hfb-mobile-header-display":"","site-post-title":"disabled","ast-breadcrumbs-content":"","ast-featured-img":"disabled","footer-sml-layout":"","theme-transparent-header-meta":"","adv-header-id-meta":"","stick-header-meta":"","header-above-stick-meta":"","header-main-stick-meta":"","header-below-stick-meta":"","astra-migrate-meta-layouts":"","footnotes":""},"_links":{"self":[{"href":"https:\/\/grundschule-wiek.de\/index.php?rest_route=\/wp\/v2\/pages\/391"}],"collection":[{"href":"https:\/\/grundschule-wiek.de\/index.php?rest_route=\/wp\/v2\/pages"}],"about":[{"href":"https:\/\/grundschule-wiek.de\/index.php?rest_route=\/wp\/v2\/types\/page"}],"author":[{"embeddable":true,"href":"https:\/\/grundschule-wiek.de\/index.php?rest_route=\/wp\/v2\/users\/1"}],"replies":[{"embeddable":true,"href":"https:\/\/grundschule-wiek.de\/index.php?rest_route=%2Fwp%2Fv2%2Fcomments&post=391"}],"version-history":[{"count":7,"href":"https:\/\/grundschule-wiek.de\/index.php?rest_route=\/wp\/v2\/pages\/391\/revisions"}],"predecessor-version":[{"id":1057,"href":"https:\/\/grundschule-wiek.de\/index.php?rest_route=\/wp\/v2\/pages\/391\/revisions\/1057"}],"wp:attachment":[{"href":"https:\/\/grundschule-wiek.de\/index.php?rest_route=%2Fwp%2Fv2%2Fmedia&parent=391"}],"curies":[{"name":"wp","href":"https:\/\/api.w.org\/{rel}","templated":true}]}}